*s. Suppose 2*i + s = 185. Is i a prime number?
False
Suppose 5*i - c = 12, -3*i = -7*i - c + 15. Suppose -2*h - i*v = -10, 0*h - 10 = -4*h - v. Suppose 0 = -2*g - h*g + 100. Is g a prime number?
False
Suppose -i + 835 - 180 = 0. Is i composite?
True
Let h(i) be the second derivative of -1/12*i**4 - 5/2*i**3 + 0 - 3/2*i**2 - 4*i. Is h(-8) composite?
False
Suppose k = 3*d - 4, 3*k = -2*d - 2*d + 14. Suppose 0 = -d*s + 42 + 68. Is s prime?
False
Suppose 5 = -4*r + 145. Suppose -4*l - 2*j + r = -17, 2*l = -3*j + 34. Is l a prime number?
True
Let r be (-6)/9*(-48)/(-1). Let l = r - -65. Is l a prime number?
False
Let n(q) = 2*q**3 - 12*q**2 - 4*q - 15. Is n(11) a composite number?
False
Let b(c) = c**2 - c + 1. Let y(o) = o. Let q(p) = 2*b(p) + 3*y(p). Let h be q(2). Suppose -27 = -3*z + h. Is z composite?
False
Suppose 33 = l + 2*l. Let p = l + 104. Is p a composite number?
True
Let n be 5510/(-8) + (-1)/4. Let d = 1176 + n. Is d prime?
True
Let z = 1784 + -1227. Is z a composite number?
False
Let q(p) = -7 - p**3 + 1 - 2*p**2 - 7*p**2 + 9*p. Let z be q(-10). Suppose 0 = g - z*g + 249. Is g a prime number?
True
Let w = 7 - -172. Is w a prime number?
True
Suppose -1004 = 3*b - 5*b - 2*c, 2*b - 1025 = 5*c. Is b prime?
False
Let o = 2101 - 1142. Is o prime?
False
Let r = -8 - -6. Let p be (-40)/(-16)*(r - 0). Let t(f) = 6*f**2 - 6*f + 5. Is t(p) a prime number?
False
Let o be (-7 - -4) + 3 + 21. Let h = o + 128. Is h a composite number?
False
Suppose 17*s = -2*s + 57779. Is s a composite number?
False
Let b(l) = l**3 - 9*l**2 - 11. Let q be 57/3 - (0 + -1). Suppose -5*d + 18 + q = -3*y, 2*y = 8. Is b(d) a composite number?
False
Suppose v - 374 = 39. Is v prime?
False
Let b = 1864 + -1299. Is b a prime number?
False
Let g be (3/2)/((-2)/(-4)). Suppose j - 142 = -g*j - 2*h, 9 = -3*h. Is j composite?
False
Suppose -4*a = -3 - 5. Suppose -c = 2*w, 2*w + 4 = 3*c - a*c. Suppose -5*v + 2*v + 121 = c*y, -5*v + 187 = -4*y. Is v a composite number?
True
Let k(y) = -6*y**3 - 7*y**2 - 5*y + 1. Is k(-4) prime?
True
Is 755 - (4/(-12) - 26/(-6)) composite?
False
Suppose -b - 1 = -2*w - 8, 0 = 5*b + 2*w - 95. Suppose 0 = 5*p + j - 636 + b, 2*j = 2*p - 238. Is p a composite number?
True
Let x = -68 + 103. Is x a composite number?
True
Suppose -3*r = r + 108. Is (9/r)/((-1)/6) a composite number?
False
Suppose j + 3*u = 455, 9*u - 4*u + 1309 = 3*j. Is j a prime number?
True
Suppose 3*t - 2*t - f = 483, t - 507 = -5*f. Is t composite?
False
Let r = 29 + 180. Is r a composite number?
True
Is (-232)/(-5) - (-4)/(-10) a composite number?
True
Suppose 0 = 5*l - 45 - 245. Is l a prime number?
False
Suppose 3*n - n = -16. Let o be 81/(-6)*n/6. Let f = o - 4. Is f prime?
False
Suppose -4*m = -9 - 7. Let n be (1 - -1) + (m - 3). Is 3/n*1 + 22 a prime number?
True
Suppose -6*r + 1708 = -2*r. Is r a composite number?
True
Suppose -4*s + 8*s - 1360 = 0. Suppose 3*g + s = 5*g. Let c = g - 73. Is c composite?
False
Let m(d) = 242*d - 7. Is m(3) prime?
True
Suppose -c + 2*r = -1568, -4*c = -r - 6217 - 62. Is c/18 - 2/9 a prime number?
False
Is 12312/16 - 1/2 prime?
True
Let i(z) = 117*z**2 + 5*z - 11. Is i(5) a prime number?
True
Suppose -s + 2*s = -h - 7, 5*h - 2*s = -42. Let a be (-4)/h - (-54)/4. Is (889/a)/((-1)/(-2)) prime?
True
Suppose -2*l - 2*l - 12 = 0. Is (l - 13/(-4))*524 composite?
False
Let w(k) = k + 34. Let j be w(0). Let b be 1/(2/(-30) - 0). Let q = j + b. Is q composite?
False
Is -146*3/(-6)*5 a prime number?
False
Suppose 993 = 4*v - 103. Is v a composite number?
True
Suppose 3*o - 932 + 71 = 0. Is o prime?
False
Let i be (-22)/6*41*3. Let u = i + 683. Suppose -2*s + u = -58. Is s prime?
False
Let r(y) = y**2 + 3*y + 4. Let i be 1*(-3 + (-2 - -2)). Let o be r(i). Suppose -o*h + 74 + 10 = 0. Is h prime?
False
Let q(d) be the first derivative of d**3/3 - d**2/2 + 10*d - 1. Let r = -3 + 3. Is q(r) composite?
True
Let y = -13 + 20. Suppose 0 = 4*h - 3*b - 11, 0 = -5*h - 2*b - b + 7. Is h/y + (-593)/(-7) composite?
True
Suppose -3997 = -5*i + 4*q, 3194 = 4*i + 3*q - 5*q. Is i a composite number?
False
Let u(v) = v**3 + 2*v**2 - 3*v - 2. Let f be u(-3). Let i be (-2)/(-1)*f/(-4). Let a(w) = 143*w**3 + w**2 - 2*w + 1. Is a(i) a composite number?
True
Is (-1 - -59) + (-3 + 10 - 3) prime?
False
Suppose 5*h - 2266 = 3*w + 5427, -6160 = -4*h + w. Is h a prime number?
False
Let m(i) = 3*i - 2. Let b be m(7). Suppose -5*p + b - 49 = -3*l, 0 = 4*l - 4*p - 40. Is 2/(l/(-6) - -2) a composite number?
True
Suppose 0 = -3*x - 4 + 1, -5*n + 5738 = 2*x. Suppose -3*z + n = 407. Is z a prime number?
False
Let b(j) = -j**3 + 10*j**2 + 3*j - 15. Let w = 21 - 11. Is b(w) a prime number?
False
Let s = -2 - -3. Let p(f) = 58*f**2 + 1. Is p(s) a composite number?
False
Let n = 61 - 42. Is n prime?
True
Let y(n) = 4*n**2 - 6*n + 11. Let k be y(-8). Let b = 442 - k. Is b a prime number?
True
Let h(v) = v**3 + 5*v**2 - 8*v - 6. Let p be h(-6). Let k(u) be the second derivative of -u**5/20 + 7*u**4/12 - u**3/3 + u**2/2 + 5*u. Is k(p) composite?
True
Let z be 92/16 + 2/8. Let c(v) = v**2 - 5*v + 4. Is c(z) composite?
True
Suppose 3*h = 8 - 5. Let o = 5 - h. Suppose -f + o + 10 = 0. Is f a prime number?
False
Let w be (12/(-18))/((-4)/6). Let x be 1/w*2 - -147. Suppose -235 = -4*s + 4*k + x, 0 = -3*s - 4*k + 253. Is s a prime number?
False
Let w(i) = 1 + 6*i - 4*i - 4 + 14*i. Is w(7) a prime number?
True
Let u be 2/4*(-2 + 36). Suppose 4*z + 3*m + 21 + 3 = 0, -2*z + 4*m = 12. Let n = u + z. Is n prime?
True
Suppose 4 = 2*w + n - 0, 0 = 4*n + 8. Let s(m) = 25*m**2 - 3*m + 1. Is s(w) a composite number?
True
Suppose s - 30 - 413 = 0. Is s a prime number?
True
Let p = -16 + 4. Is (-9)/12 - 573/p prime?
True
Suppose -5*g + r + 30 = 0, g + 2*r + 10 - 27 = 0. Let m(u) = -1 + 4*u - 1 + 7*u**2 + g + u**3. Is m(-4) a composite number?
False
Let i = -268 + 462. Suppose 75 = 2*o + 3*w, 2*w = -5*o + w + i. Is o composite?
True
Suppose w + 74 = -32. Let a be -2 - (0 - (1 + -3)). Is (0 + w/8)*a composite?
False
Let b = 352 + -85. Is (-1)/(2 - 537/b) composite?
False
Suppose -w = -4*w + 39. Is w prime?
True
Let n(b) = -b**2 - b. Let w(y) = y**3 - 14*y**2 - 7. Let d(s) = -5*n(s) + w(s). Is d(10) a prime number?
False
Suppose h - 3*l - 195 = 0, l = -2*h + 387 + 38. Let n = -61 + h. Is n a prime number?
True
Is (-4 + 5)/(2 + (-146)/74) a prime number?
True
Let u(l) = -l**3 + 2*l**2 + 5*l. Let z be u(4). Let j = 1 - z. Is j composite?
False
Suppose 391 = y + 4*u + 119, 3*y + 2*u = 816. Suppose -109 = -3*k + y. Is k a prime number?
True
Let h(p) = p**2 + 5*p + 18. Is h(8) composite?
True
Let h(r) be the third derivative of -41*r**4/24 - 3*r**3/2 + r**2. Let b(n) = -20*n - 5. Let k(y) = -11*b(y) + 6*h(y). Is k(-2) prime?
True
Let j(r) be the second derivative of -5*r**3/6 - 3*r**2 + 2*r. Let x be j(-5). Is (-6)/(-21) + x/7 prime?
True
Suppose -2*c = -5*l - 5 - 1, 0 = -l + c. Let k = 5 + l. Suppose k*h - 117 - 42 = 0. Is h a composite number?
False
Let g(b) = b + 4. Let w be g(-2). Suppose -4*y + w*d + 134 = 0, 2*y = -d - 4*d + 37. Is y composite?
False
Let z(b) = -b**3 + 13*b**2 - 2*b - 5. Is z(6) a composite number?
True
Let w be 6/3*178/(-4). Is (2/(-2))/(1/w) a prime number?
True
Suppose 0 = -0*q + 2*q - 4. Suppose 0 = -2*i + q*t + 10, -2*i - 2*t + 4 = 14. Let u(k) = k**3 - k**2 - k + 133. Is u(i) a prime number?
False
Let n(p) be the second derivative of 11*p**4/4 - 3*p**2 + 2*p. Is n(3) a prime number?
False
Let o(d) be the third derivative of -2*d**4 - 7*d**3/6 - 3*d**2. Is o(-8) a composite number?
True
Let s be ((-4)/8)/(2/(-12)). Let g = 5 - s. Suppose -g*v - v = -9. Is v a composite number?
False
Let y = 927 + -304. Suppose 5*p = 4*i + y, 15 = 3*i + 2*i. Is p prime?
True
Let m(q) = q**3 + q**2 + q - 1. Let o(l) = 42*l**3 + 7*l**2 + 5*l - 7. Let r(g) = 6*m(g) - o(g). Is r(-1) a composite number?
True
Suppose -15 = n - 4*n. Suppose -4*t = -6*c + 2*c - 272, 313 = n*t + 4*c. Is t a prime number?
False
Suppose 5*u - r = 2763, 0 = u - 4*r - 368 - 177. Is u prime?
False
Is 5 + (-5 + -8557)/(-3) a prime number?
False
Let t(p) = 2*p**3 - 15*p**2 + 7*p - 31. Is t(13) a composite number?
True
Suppose v - 833 - 1126 = 0. Is v a composite number?
True
Let w(h) = h**3 + 13*h**2 - 8*h + 4. Is w(-11) a composite numbe